{"id":157,"date":"2025-09-10T12:01:45","date_gmt":"2025-09-10T12:01:45","guid":{"rendered":"https:\/\/www.ndiaye.louisst.o2switch.site\/blog\/?page_id=157"},"modified":"2025-09-10T12:01:45","modified_gmt":"2025-09-10T12:01:45","slug":"kisame","status":"publish","type":"page","link":"https:\/\/www.ndiaye.louisst.o2switch.site\/blog\/kisame\/","title":{"rendered":"Kisame"},"content":{"rendered":"\n<p>Intro:<strong>Il est originaire de lAsie du Sud-Est, on le trouve dans les fleuves ou les lacs, principalement \u00e0 Sumatra, Born\u00e9o ou dans le bassin du M\u00e9kong<\/strong>. Sa morphologie a\u00e9rodynamique et sa couleur lui ont valu le nom de barbu requin ou requin argent\u00e9, mais on lappelle aussi, plus simplement le balantio.<\/p>\n\n\n\n<p>Mon animal de compagnie s&rsquo;appelle Kisame. C\u2019est un poisson d\u2019aquarium, de couleur grise avec des reflets argent\u00e9s. Son nom vient de mon anim\u00e9 pr\u00e9f\u00e9r\u00e9 Naruto, car le personnage de Kisame m\u2019a toujours marqu\u00e9 : il est fort, myst\u00e9rieux et li\u00e9 \u00e0 l\u2019eau, tout comme mon poisson.<\/p>\n\n\n\n<figure class=\"wp-block-image size-full\"><img loading=\"lazy\" decoding=\"async\" width=\"259\" height=\"194\" src=\"https:\/\/www.ndiaye.louisst.o2switch.site\/blog\/wp-content\/uploads\/2025\/09\/image-1.png\" alt=\"\" class=\"wp-image-159\"\/><\/figure>\n\n\n\n<p>J\u2019ai re\u00e7u Kisame en cadeau de ma tante quand j\u2019avais 18 ans, elle m\u2019a offert un aquarium complet avec Kisame dedans. Je ne connais pas la date exacte de sa naissance, mais je l\u2019ai eu en mars 2022. \u00c0 partir de ce moment-l\u00e0, je me suis occup\u00e9 de lui tous les jours : je le nourrissais, je nettoyais son aquarium, et je passais du temps \u00e0 l\u2019observer nager. C\u2019\u00e9tait vraiment apaisant.<\/p>\n\n\n\n<p>J\u2019avais une relation silencieuse avec lui \u00e9tant donn\u00e9 qu\u2019il ne parle pas mais on peut dire que j\u2019\u00e9tait attach\u00e9 \u00e0 lui .<\/p>\n\n\n\n<p>Je me souviens d\u2019un moment o\u00f9 j\u2019\u00e9tais en train de changer l\u2019eau de son aquarium, et Kisame a soudainement saut\u00e9 en dehors. Heureusement, j\u2019ai r\u00e9ussi \u00e0 le remettre dans l\u2019eau \u00e0 temps. Depuis ce jour-l\u00e0, j\u2019ai toujours \u00e9t\u00e9 super prudent. Une autre fois, je lui avais install\u00e9 une petite lumi\u00e8re d\u00e9corative, et il tournait en rond autour comme s\u2019il \u00e9tait fascin\u00e9 c\u2019\u00e9tait dr\u00f4le \u00e0 voir.<\/p>\n\n\n\n<p>Malheureusement, Kisame est mort il y a un an. M\u00eame si \u00e7a peut sembler bizarre pour un poisson, sa mort m\u2019a vraiment touch\u00e9.<\/p>\n\n\n\n<figure class=\"wp-block-image size-large is-resized\"><img loading=\"lazy\" decoding=\"async\" width=\"1024\" height=\"494\" src=\"https:\/\/www.ndiaye.louisst.o2switch.site\/blog\/wp-content\/uploads\/2025\/09\/image-2-1024x494.png\" alt=\"\" class=\"wp-image-160\" style=\"width:360px;height:auto\" srcset=\"https:\/\/www.ndiaye.louisst.o2switch.site\/blog\/wp-content\/uploads\/2025\/09\/image-2-1024x494.png 1024w, https:\/\/www.ndiaye.louisst.o2switch.site\/blog\/wp-content\/uploads\/2025\/09\/image-2-300x145.png 300w, https:\/\/www.ndiaye.louisst.o2switch.site\/blog\/wp-content\/uploads\/2025\/09\/image-2-768x370.png 768w, https:\/\/www.ndiaye.louisst.o2switch.site\/blog\/wp-content\/uploads\/2025\/09\/image-2.png 1280w\" sizes=\"auto, (max-width: 1024px) 100vw, 1024px\" \/><\/figure>\n","protected":false},"excerpt":{"rendered":"<p>Intro:Il est originaire de lAsie du Sud-Est, on le trouve dans les fleuves ou les lacs, principalement \u00e0 Sumatra, Born\u00e9o [&hellip;]<\/p>\n","protected":false},"author":1,"featured_media":0,"parent":0,"menu_order":0,"comment_status":"closed","ping_status":"closed","template":"","meta":{"_uag_custom_page_level_css":"","site-sidebar-layout":"default","site-content-layout":"","ast-site-content-layout":"","site-content-style":"default","site-sidebar-style":"default","ast-global-header-display":"","ast-banner-title-visibility":"","ast-main-header-display":"","ast-hfb-above-header-display":"","ast-hfb-below-header-display":"","ast-hfb-mobile-header-display":"","site-post-title":"","ast-breadcrumbs-content":"","ast-featured-img":"","footer-sml-layout":"","theme-transparent-header-meta":"","adv-header-id-meta":"","stick-header-meta":"","header-above-stick-meta":"","header-main-stick-meta":"","header-below-stick-meta":"","astra-migrate-meta-layouts":"default","ast-page-background-enabled":"default","ast-page-background-meta":{"desktop":{"background-color":"var(--ast-global-color-4)","background-image":"","background-repeat":"repeat","background-position":"center center","background-size":"auto","background-attachment":"scroll","background-type":"","background-media":"","overlay-type":"","overlay-color":"","overlay-opacity":"","overlay-gradient":""},"tablet":{"background-color":"","background-image":"","background-repeat":"repeat","background-position":"center center","background-size":"auto","background-attachment":"scroll","background-type":"","background-media":"","overlay-type":"","overlay-color":"","overlay-opacity":"","overlay-gradient":""},"mobile":{"background-color":"","background-image":"","background-repeat":"repeat","background-position":"center center","background-size":"auto","background-attachment":"scroll","background-type":"","background-media":"","overlay-type":"","overlay-color":"","overlay-opacity":"","overlay-gradient":""}},"ast-content-background-meta":{"desktop":{"background-color":"var(--ast-global-color-5)","background-image":"","background-repeat":"repeat","background-position":"center center","background-size":"auto","background-attachment":"scroll","background-type":"","background-media":"","overlay-type":"","overlay-color":"","overlay-opacity":"","overlay-gradient":""},"tablet":{"background-color":"var(--ast-global-color-5)","background-image":"","background-repeat":"repeat","background-position":"center center","background-size":"auto","background-attachment":"scroll","background-type":"","background-media":"","overlay-type":"","overlay-color":"","overlay-opacity":"","overlay-gradient":""},"mobile":{"background-color":"var(--ast-global-color-5)","background-image":"","background-repeat":"repeat","background-position":"center center","background-size":"auto","background-attachment":"scroll","background-type":"","background-media":"","overlay-type":"","overlay-color":"","overlay-opacity":"","overlay-gradient":""}},"footnotes":""},"class_list":["post-157","page","type-page","status-publish","hentry"],"uagb_featured_image_src":{"full":false,"thumbnail":false,"medium":false,"medium_large":false,"large":false,"1536x1536":false,"2048x2048":false},"uagb_author_info":{"display_name":"admin","author_link":"https:\/\/www.ndiaye.louisst.o2switch.site\/blog\/author\/admin\/"},"uagb_comment_info":0,"uagb_excerpt":"Intro:Il est originaire de lAsie du Sud-Est, on le trouve dans les fleuves ou les lacs, principalement \u00e0 Sumatra, Born\u00e9o [&hellip;]","_links":{"self":[{"href":"https:\/\/www.ndiaye.louisst.o2switch.site\/blog\/wp-json\/wp\/v2\/pages\/157","targetHints":{"allow":["GET"]}}],"collection":[{"href":"https:\/\/www.ndiaye.louisst.o2switch.site\/blog\/wp-json\/wp\/v2\/pages"}],"about":[{"href":"https:\/\/www.ndiaye.louisst.o2switch.site\/blog\/wp-json\/wp\/v2\/types\/page"}],"author":[{"embeddable":true,"href":"https:\/\/www.ndiaye.louisst.o2switch.site\/blog\/wp-json\/wp\/v2\/users\/1"}],"replies":[{"embeddable":true,"href":"https:\/\/www.ndiaye.louisst.o2switch.site\/blog\/wp-json\/wp\/v2\/comments?post=157"}],"version-history":[{"count":1,"href":"https:\/\/www.ndiaye.louisst.o2switch.site\/blog\/wp-json\/wp\/v2\/pages\/157\/revisions"}],"predecessor-version":[{"id":161,"href":"https:\/\/www.ndiaye.louisst.o2switch.site\/blog\/wp-json\/wp\/v2\/pages\/157\/revisions\/161"}],"wp:attachment":[{"href":"https:\/\/www.ndiaye.louisst.o2switch.site\/blog\/wp-json\/wp\/v2\/media?parent=157"}],"curies":[{"name":"wp","href":"https:\/\/api.w.org\/{rel}","templated":true}]}}