{"id":11,"date":"2024-09-25T12:59:19","date_gmt":"2024-09-25T12:59:19","guid":{"rendered":"https:\/\/www.ndiaye.louisst.o2switch.site\/blog\/?page_id=11"},"modified":"2024-11-20T12:38:27","modified_gmt":"2024-11-20T12:38:27","slug":"acceuil","status":"publish","type":"page","link":"https:\/\/www.ndiaye.louisst.o2switch.site\/blog\/","title":{"rendered":"Accueil"},"content":{"rendered":"\n<div class=\"wp-block-columns is-layout-flex wp-container-core-columns-is-layout-28f84493 wp-block-columns-is-layout-flex\">\n<div class=\"wp-block-column is-layout-flow wp-block-column-is-layout-flow\">\n<p>Bienvenue sur mon site moi c&rsquo;est Abdoulaye, \u00e9tudiant en BTS N\u00e9gociation et Digitalisation de la Relation Client (NDRC). Passionn\u00e9 par le sport et l&rsquo;animation japonaise, Abdoulaye partage ici ses centres d&rsquo;int\u00e9r\u00eat, ses d\u00e9couvertes et son parcours, tout en int\u00e9grant les comp\u00e9tences digitales et commerciales acquises dans sa formation.<\/p>\n\n\n\n<p>Le site est con\u00e7u comme un espace dynamique pour explorer deux th\u00e8mes principaux. D&rsquo;abord, le sport : vous y trouverez des articles et des analyses sur diff\u00e9rents sports, qu&rsquo;il s&rsquo;agisse de football, de basketball, ou encore de disciplines moins connues. Abdoulaye partage ses avis sur les grandes comp\u00e9titions, les strat\u00e9gies d\u2019\u00e9quipes, et m\u00eame des conseils pratiques pour les amateurs souhaitant progresser dans leurs disciplines favorites. <\/p>\n\n\n\n<p><\/p>\n\n\n\n<div class=\"wp-block-uagb-image uagb-block-c1b34371 wp-block-uagb-image--layout-default wp-block-uagb-image--effect-static wp-block-uagb-image--align-none\"><figure class=\"wp-block-uagb-image__figure\"><\/figure><\/div>\n<\/div>\n\n\n\n<div class=\"wp-block-column is-layout-flow wp-block-column-is-layout-flow\">\n<p>Le sport n\u2019est pas seulement une passion pour lui, c&rsquo;est aussi un domaine o\u00f9 il aspire \u00e0 appliquer ses comp\u00e9tences commerciales en vue d&rsquo;une future carri\u00e8re dans le marketing sportif ou la gestion d\u2019\u00e9v\u00e9nements.<\/p>\n\n\n\n<p>En parall\u00e8le, je  consacre une partie de mon site \u00e0 l\u2019animation japonaise, une autre de ses grandes passions. Des classiques incontournables comme <em>Naruto<\/em> ou <em>One Piece<\/em> aux nouvelles s\u00e9ries ,je propose des critiques, des analyses de personnages,. Cette section vise \u00e0 partager ma passion pour les univers riches et diversifi\u00e9s de l\u2019animation japonaise et \u00e0 cr\u00e9er une communaut\u00e9 d\u2019\u00e9changes autour des derni\u00e8res sorties et des \u0153uvres cultes.<\/p>\n<\/div>\n<\/div>\n\n\n\n<div class=\"wp-block-columns is-layout-flex wp-container-core-columns-is-layout-28f84493 wp-block-columns-is-layout-flex\">\n<div class=\"wp-block-column is-layout-flow wp-block-column-is-layout-flow\">\n<div class=\"wp-block-uagb-image uagb-block-f34185d7 wp-block-uagb-image--layout-default wp-block-uagb-image--effect-static wp-block-uagb-image--align-none\"><figure class=\"wp-block-uagb-image__figure\"><img decoding=\"async\" srcset=\"https:\/\/www.ndiaye.louisst.o2switch.site\/blog\/wp-content\/uploads\/2024\/11\/football-2697624_1280-2-1024x768.jpg ,https:\/\/www.ndiaye.louisst.o2switch.site\/blog\/wp-content\/uploads\/2024\/11\/football-2697624_1280-2.jpg 780w, https:\/\/www.ndiaye.louisst.o2switch.site\/blog\/wp-content\/uploads\/2024\/11\/football-2697624_1280-2.jpg 360w\" sizes=\"auto, (max-width: 480px) 150px\" src=\"https:\/\/www.ndiaye.louisst.o2switch.site\/blog\/wp-content\/uploads\/2024\/11\/football-2697624_1280-2-1024x768.jpg\" alt=\"\" class=\"uag-image-109\" width=\"279\" height=\"209\" title=\"football-2697624_1280\" loading=\"lazy\" role=\"img\"\/><\/figure><\/div>\n<\/div>\n\n\n\n<div class=\"wp-block-column is-layout-flow wp-block-column-is-layout-flow\">\n<div class=\"wp-block-uagb-image uagb-block-c3d7af2b wp-block-uagb-image--layout-default wp-block-uagb-image--effect-static wp-block-uagb-image--align-none\"><figure class=\"wp-block-uagb-image__figure\"><img decoding=\"async\" srcset=\"https:\/\/www.ndiaye.louisst.o2switch.site\/blog\/wp-content\/uploads\/2024\/11\/ai-generated-8299238_1280-1-1024x585.jpg ,https:\/\/www.ndiaye.louisst.o2switch.site\/blog\/wp-content\/uploads\/2024\/11\/ai-generated-8299238_1280-1.jpg 780w, https:\/\/www.ndiaye.louisst.o2switch.site\/blog\/wp-content\/uploads\/2024\/11\/ai-generated-8299238_1280-1.jpg 360w\" sizes=\"auto, (max-width: 480px) 150px\" src=\"https:\/\/www.ndiaye.louisst.o2switch.site\/blog\/wp-content\/uploads\/2024\/11\/ai-generated-8299238_1280-1-1024x585.jpg\" alt=\"\" class=\"uag-image-110\" width=\"344\" height=\"197\" title=\"ai-generated-8299238_1280\" loading=\"lazy\" role=\"img\"\/><\/figure><\/div>\n<\/div>\n<\/div>\n\n\n\n<div class=\"wp-block-uagb-forms uagb-forms__outer-wrap uagb-block-df28bbbd uagb-forms__medium-btn\"><form class=\"uagb-forms-main-form\" method=\"post\" autocomplete=\"on\" name=\"uagb-form-df28bbbd\">\n<div class=\"wp-block-uagb-forms-name uagb-forms-name-wrap uagb-forms-field-set uagb-block-935e1d49\"><div class=\"uagb-forms-name-label required uagb-forms-input-label\" id=\"935e1d49\">Pr\u00e9nom<\/div><input type=\"text\" placeholder=\"John\" required class=\"uagb-forms-name-input uagb-forms-input\" name=\"935e1d49\" autocomplete=\"given-name\"\/><\/div>\n\n\n\n<div class=\"wp-block-uagb-forms-name uagb-forms-name-wrap uagb-forms-field-set uagb-block-86c275ff\"><div class=\"uagb-forms-name-label required uagb-forms-input-label\" id=\"86c275ff\">Nom<\/div><input type=\"text\" placeholder=\"Doe\" required class=\"uagb-forms-name-input uagb-forms-input\" name=\"86c275ff\" autocomplete=\"family-name\"\/><\/div>\n\n\n\n<div class=\"wp-block-uagb-forms-email uagb-forms-email-wrap uagb-forms-field-set uagb-block-21dfeb4b\"><div class=\"uagb-forms-email-label  uagb-forms-input-label\" id=\"21dfeb4b\">Email<\/div><input type=\"email\" class=\"uagb-forms-email-input uagb-forms-input\" placeholder=\"example@mail.com\" name=\"21dfeb4b\" autocomplete=\"email\"\/><\/div>\n\n\n\n<div class=\"wp-block-uagb-forms-textarea uagb-forms-textarea-wrap uagb-forms-field-set uagb-block-906784e5\"><div class=\"uagb-forms-textarea-label required uagb-forms-input-label\" id=\"906784e5\">Message<\/div><textarea required class=\"uagb-forms-textarea-input uagb-forms-input\" rows=\"4\" placeholder=\"Enter your message\" name=\"906784e5\" autocomplete=\"off\"><\/textarea><\/div>\n<div class=\"uagb-forms-form-hidden-data\"><input type=\"hidden\" class=\"uagb_forms_form_label\" value=\"Spectra Form\"\/><input type=\"hidden\" class=\"uagb_forms_form_id\" value=\"uagb-form-df28bbbd\"\/><\/div><div class=\"uagb-form-reacaptcha-error-df28bbbd\"><\/div><div class=\"uagb-forms-main-submit-button-wrap wp-block-button\"><button class=\"uagb-forms-main-submit-button wp-block-button__link\"><div class=\"uagb-forms-main-submit-button-text\">Soumettre<\/div><\/button><\/div><\/form><div class=\"uagb-forms-success-message-df28bbbd uagb-forms-submit-message-hide\"><span>The form has been submitted successfully!<\/span><\/div><div class=\"uagb-forms-failed-message-df28bbbd uagb-forms-submit-message-hide\"><span>There has been some error while submitting the form. Please verify all form fields again.<\/span><\/div><\/div>\n\n\n\n<p><\/p>\n\n\n\n<div class=\"wp-block-uagb-image uagb-block-8186c9d2 wp-block-uagb-image--layout-default wp-block-uagb-image--effect-static wp-block-uagb-image--align-none\"><figure class=\"wp-block-uagb-image__figure\"><\/figure><\/div>\n\n\n\n<div class=\"wp-block-uagb-image uagb-block-624f15d6 wp-block-uagb-image--layout-default wp-block-uagb-image--effect-static wp-block-uagb-image--align-none\"><figure class=\"wp-block-uagb-image__figure\"><\/figure><\/div>\n","protected":false},"excerpt":{"rendered":"<p>Bienvenue sur mon site moi c&rsquo;est Abdoulaye, \u00e9tudiant en BTS N\u00e9gociation et Digitalisation de la Relation Client (NDRC). Passionn\u00e9 par [&hellip;]<\/p>\n","protected":false},"author":1,"featured_media":0,"parent":0,"menu_order":0,"comment_status":"open","ping_status":"closed","template":"","meta":{"_uag_custom_page_level_css":"","site-sidebar-layout":"default","site-content-layout":"","ast-site-content-layout":"","site-content-style":"default","site-sidebar-style":"default","ast-global-header-display":"","ast-banner-title-visibility":"","ast-main-header-display":"","ast-hfb-above-header-display":"","ast-hfb-below-header-display":"","ast-hfb-mobile-header-display":"","site-post-title":"","ast-breadcrumbs-content":"","ast-featured-img":"","footer-sml-layout":"","theme-transparent-header-meta":"","adv-header-id-meta":"","stick-header-meta":"","header-above-stick-meta":"","header-main-stick-meta":"","header-below-stick-meta":"","astra-migrate-meta-layouts":"default","ast-page-background-enabled":"default","ast-page-background-meta":{"desktop":{"background-color":"var(--ast-global-color-4)","background-image":"","background-repeat":"repeat","background-position":"center center","background-size":"auto","background-attachment":"scroll","background-type":"","background-media":"","overlay-type":"","overlay-color":"","overlay-opacity":"","overlay-gradient":""},"tablet":{"background-color":"","background-image":"","background-repeat":"repeat","background-position":"center center","background-size":"auto","background-attachment":"scroll","background-type":"","background-media":"","overlay-type":"","overlay-color":"","overlay-opacity":"","overlay-gradient":""},"mobile":{"background-color":"","background-image":"","background-repeat":"repeat","background-position":"center center","background-size":"auto","background-attachment":"scroll","background-type":"","background-media":"","overlay-type":"","overlay-color":"","overlay-opacity":"","overlay-gradient":""}},"ast-content-background-meta":{"desktop":{"background-color":"var(--ast-global-color-5)","background-image":"","background-repeat":"repeat","background-position":"center center","background-size":"auto","background-attachment":"scroll","background-type":"","background-media":"","overlay-type":"","overlay-color":"","overlay-opacity":"","overlay-gradient":""},"tablet":{"background-color":"var(--ast-global-color-5)","background-image":"","background-repeat":"repeat","background-position":"center center","background-size":"auto","background-attachment":"scroll","background-type":"","background-media":"","overlay-type":"","overlay-color":"","overlay-opacity":"","overlay-gradient":""},"mobile":{"background-color":"var(--ast-global-color-5)","background-image":"","background-repeat":"repeat","background-position":"center center","background-size":"auto","background-attachment":"scroll","background-type":"","background-media":"","overlay-type":"","overlay-color":"","overlay-opacity":"","overlay-gradient":""}},"footnotes":""},"class_list":["post-11","page","type-page","status-publish","hentry"],"uagb_featured_image_src":{"full":false,"thumbnail":false,"medium":false,"medium_large":false,"large":false,"1536x1536":false,"2048x2048":false},"uagb_author_info":{"display_name":"admin","author_link":"https:\/\/www.ndiaye.louisst.o2switch.site\/blog\/author\/admin\/"},"uagb_comment_info":0,"uagb_excerpt":"Bienvenue sur mon site moi c&rsquo;est Abdoulaye, \u00e9tudiant en BTS N\u00e9gociation et Digitalisation de la Relation Client (NDRC). Passionn\u00e9 par [&hellip;]","_links":{"self":[{"href":"https:\/\/www.ndiaye.louisst.o2switch.site\/blog\/wp-json\/wp\/v2\/pages\/11","targetHints":{"allow":["GET"]}}],"collection":[{"href":"https:\/\/www.ndiaye.louisst.o2switch.site\/blog\/wp-json\/wp\/v2\/pages"}],"about":[{"href":"https:\/\/www.ndiaye.louisst.o2switch.site\/blog\/wp-json\/wp\/v2\/types\/page"}],"author":[{"embeddable":true,"href":"https:\/\/www.ndiaye.louisst.o2switch.site\/blog\/wp-json\/wp\/v2\/users\/1"}],"replies":[{"embeddable":true,"href":"https:\/\/www.ndiaye.louisst.o2switch.site\/blog\/wp-json\/wp\/v2\/comments?post=11"}],"version-history":[{"count":10,"href":"https:\/\/www.ndiaye.louisst.o2switch.site\/blog\/wp-json\/wp\/v2\/pages\/11\/revisions"}],"predecessor-version":[{"id":120,"href":"https:\/\/www.ndiaye.louisst.o2switch.site\/blog\/wp-json\/wp\/v2\/pages\/11\/revisions\/120"}],"wp:attachment":[{"href":"https:\/\/www.ndiaye.louisst.o2switch.site\/blog\/wp-json\/wp\/v2\/media?parent=11"}],"curies":[{"name":"wp","href":"https:\/\/api.w.org\/{rel}","templated":true}]}}